35 - (6 + k)?
3
Let p be (248/5)/((-3)/(-15)). Suppose 19*i - 15*i = p. What is the tens digit of i?
6
Suppose 4*a + 3*a = 0. What is the tens digit of 5 - (2 + a) - -66?
6
Let u = 45 - 26. Suppose 0 = -c + 74 + u. What is the units digit of c?
3
Let g(t) = -t + 6. Let k be g(-7). Suppose 12 = l - k. Let j = l + 4. What is the tens digit of j?
2
Suppose -4*l - l - 36 = 2*q, 0 = -2*l + 2*q - 20. Let c(a) = -a**2 - 7*a - 15. Let u be c(l). Let x = u + 43. What is the units digit of x?
0
What is the tens digit of ((-56)/(-70))/(4/710)?
4
Suppose -11*x = -3*x - 128. Suppose -3*z = -v + x, 5*v = -0*v - 2*z - 5. What is the units digit of v?
1
Let z = 19 - 3. Let d = z + -15. What is the tens digit of 19/(d*(-2)/(-4))?
3
Let i(j) = -j**2 - 2*j + 11. Let t be i(-13). Let l be t/9*18/(-12). Suppose l = 3*b - 2. What is the units digit of b?
8
Suppose 2*s = -3*v - 40, 3*v - v + 44 = 3*s. What is the units digit of 4/5*(-440)/v?
2
Suppose -138*b + 142*b - 4*t = 14028, 5*b + 5*t = 17485. What is the hundreds digit of b?
5
Let l = -461 - -784. What is the hundreds digit of l?
3
Let g(n) = n**2 + 9*n + 12. Let a be g(-8). Suppose 4*v = -5*h + v - 11, a*h = 5*v - 31. What is the units digit of -3*(0 - 1) - h?
7
Let o(u) = 3*u - 56. What is the units digit of o(36)?
2
Let d(t) = -t**2 - 22*t - 21. Let m be d(-14). Let q(k) = 3*k**3 - 91*k - k**2 + 3*k**3 + m*k. What is the units digit of q(1)?
5
Suppose -3*n = -0*n - 9. Suppose -4*f + n*f = -26. Let j = 38 - f. What is the units digit of j?
2
Suppose 2*y = -2*y + 8. Suppose -2 - y = 2*b. Let a(p) = 9*p**2 + 2*p. What is the tens digit of a(b)?
3
Let j = 9 + 15. Suppose -a - 5*p = -24, -3*a + j = a + 2*p. What is the units digit of a?
4
Let y be 64/(-20) + 3/15. Let l be 6 + y - (5 + -4). Suppose -40 = -7*r + l*r. What is the units digit of r?
8
Suppose 9*m - 4*m - 7970 = 0. What is the hundreds digit of m?
5
Suppose 0*b = -6*b + 678. What is the units digit of b?
3
Suppose 5*p + 34 = -2*w - 0*w, -4*p = 0. Let f(k) = -3*k - 6. What is the units digit of f(w)?
5
Let p be (-1 - 2)*16/(-48). Let n(y) = 44*y**2 + 1. What is the units digit of n(p)?
5
Suppose -b = 3*s + 270, -4*b + b - 880 = -5*s. Let o = -158 - b. What is the hundreds digit of o?
1
What is the tens digit of (30966/(-8))/(243/(-324))?
6
Let u(c) = 5*c - 22. Let h be u(5). Suppose -i = -h*a - 36, 3*i - i - 3*a = 66. What is the units digit of i?
0
Let f(k) = 6 + 1 - 9 - 1 + k. Let o be f(6). Suppose -o*c - 3*c = -78. What is the units digit of c?
3
Let v = 67 + -47. Suppose z = -2*z - w + 8, -5*z + 4 = -3*w. Suppose v = -5*f, -s = z*s + f - 47. What is the units digit of s?
7
Let n be 12/10*(-10)/(-3). Suppose 0 = n*f - 3*f + 117. What is the units digit of (-4)/(-14) - f/7?
7
Let i = -11 - -13. Suppose -i*q + 10 = -0. Suppose -4*c = g - 3, 3 = -2*c - q*g - 0*g. What is the units digit of c?
1
Let c be -2*(-1)/(-8)*4. Let t be (c + 3)/((-2)/(-8)). Suppose 0 = 5*d + 4*l - 136, 20 = -3*l + t*l. What is the tens digit of d?
2
Suppose 0 = -0*a - 5*a - 4*f - 242, 2*a = -4*f - 92. What is the units digit of 1 + 3 - (a + 0)?
4
Let a = -307 + 611. What is the hundreds digit of a?
3
Let r = 147 - -89. What is the hundreds digit of r?
2
Suppose g + 2*l = 262, -g - l = -0*g - 263. Suppose g = 3*f + 3*j, 4*f - 350 = -0*j - 3*j. What is the units digit of f?
6
Let m(z) be the third derivative of z**4/24 + 15*z**3 + 5*z**2. What is the tens digit of m(0)?
9
Suppose 564 = 3*k - k. Suppose 2*p - k = 4*c, -4*p - c = p - 650. Suppose t - 5*m - 47 = 0, -m + 0 = 5*t - p. What is the units digit of t?
7
Let p be (-2)/8 - (-269)/4. Suppose v + p = 6. Let k = -43 - v. What is the units digit of k?
8
Suppose t - 5*r + 16 = 0, 4*t + 2*r = 6 + 18. Suppose 0 = -t*h + 2*h + 66. What is the tens digit of h?
3
Let m be (-4)/(-2 - 10) + 5/3. Suppose 517 = 5*r - 4*n, 5*r - 531 = -m*n - n. What is the tens digit of r?
0
Let t = 1801 + -541. What is the tens digit of t?
6
Let b(v) = -v**3 + 25*v**2 - 16*v + 58. What is the units digit of b(23)?
8
Suppose 3*r = 3 - 6. Let a be (-1)/(r*(-1)/(-4)). Suppose a*j = 15 + 1. What is the units digit of j?
4
Let l = 214 + -94. What is the tens digit of l/(-70)*-2*(-14)/(-4)?
1
Let f(y) = 3*y + 3. Let z(q) = -9*q - 8. Let m(r) = -17*f(r) - 6*z(r). Let g(s) = -3*s + 2. Let k(j) = 3*g(j) + 4*m(j). What is the units digit of k(4)?
6
Suppose 0 = 2*v + 14 + 2. Suppose 0 = -h - 4*p - 20, 3*h + p + 4*p + 32 = 0. What is the units digit of h + 4 + v + 56?
8
Let l(y) = 9*y**2 + 27*y - 44. What is the tens digit of l(8)?
4
Let b(x) be the third derivative of 19*x**5/30 + x**4/8 + 5*x**3/6 + 43*x**2. What is the hundreds digit of b(-2)?
1
Let a(z) = 22*z - 50. What is the hundreds digit of a(15)?
2
Let d(o) be the first derivative of 6*o**5/5 + o**4/6 - o**2/2 + 7*o - 2. Let f(m) be the first derivative of d(m). What is the tens digit of f(1)?
2
Let j(n) = n**3 + 5*n**2 + 3*n - 3. Let d be j(-3). Let s(h) = h**3 - 5*h**2 - 4*h - 3. What is the units digit of s(d)?
9
Let k be (-1)/((21/66)/(-7)). Suppose -2*a = 4*f - 22, -4*a + 17 + k = 3*f. Suppose -1 + a = 4*w. What is the units digit of w?
2
Let w(x) = 2*x**2 + x - 15. What is the units digit of w(7)?
0
Suppose 645*z - 637*z - 4968 = 0. What is the tens digit of z?
2
Suppose f - 15*j = -19*j + 1149, 4*f = -3*j + 4583. What is the hundreds digit of f?
1
Let b(g) = 2*g + 5 - 6 + 19 - 4*g. Let x be b(8). Suppose -3*d = -5*m - 35, 4*d - 30 = 2*d + x*m. What is the units digit of d?
0
Let z = -19 + 32. Let v(b) = 14*b + 6. Let i be v(z). What is the units digit of 3/(-2) + i/8?
2
Let b(f) be the first derivative of f**3/3 + f**2/2 + 23*f + 2. Let a = -84 + 84. What is the units digit of b(a)?
3
Let d(i) = i**2 + 6*i - 9. Let j be d(-8). Suppose -1 - j = -4*n. Suppose -n*l = l - 27. What is the units digit of l?
9
Let g be 146 - (-3 + (-2 - -3)). Suppose -q = -g - 44. What is the hundreds digit of q?
1
Let p = 228 - 116. Let c = 538 - 504. Suppose 4*h + p = 2*r, 22 = r - h - c. What is the units digit of r?
6
Suppose 2*n + 347 = -223. Let t = 403 + n. What is the tens digit of t?
1
Let w = 838 - 484. What is the tens digit of w?
5
Let v(h) = 2*h**2 - 15*h - 16. Suppose 2*q = 2, -12 = -w - 2*q + q. What is the tens digit of v(w)?
6
Suppose -i + 485 = -2*b, i - 303 = -2*b + 194. Let y = i - 303. What is the hundreds digit of y?
1
Let m(z) = 5*z + 1. Let r be m(9). Suppose 5*c - 4*s - r = 0, c + 6*s = s + 15. What is the units digit of c?
0
What is the units digit of (-17928)/(-756) + (-5)/((-70)/4)?
4
Suppose -3*u = 0, 3*u = y - 2*u - 2. What is the hundreds digit of ((-4)/(-6))/(y/567)?
1
What is the tens digit of ((-1)/(-3))/(3/(-18)) - -189?
8
What is the thousands digit of 2*(-7959)/(-6) - (17 + -17)?
2
Suppose 5*i = 28*i - 26312. What is the thousands digit of i?
1
Let c(o) = 8*o**2 - 14*o - 75. What is the tens digit of c(10)?
8
What is the units digit of (-3 - 0)*(-3154)/57?
6
Let y = 54 + 203. What is the units digit of y?
7
Let o = -3 - -15. What is the tens digit of o*10/3 + 0?
4
Let a be 8/6 - (-5)/(-15). Suppose 13 = i - a. Suppose -5*c + 94 = 5*s + i, 6 = 3*c. What is the tens digit of s?
1
Let c(l) = 169*l**3 - 2*l**2 - 1. Let w(x) = -507*x**3 + 7*x**2 + 3. Let i(p) = -7*c(p) - 2*w(p). Let a be i(1). What is the tens digit of (a/18)/(6/(-9))?
1
Suppose -3*a + 2*o + 4361 = 0, -2*a + 1600 = 4*o - 1302. What is the tens digit of a?
5
Let v be 402/4*8/12. Suppose 5*r - v = 4*r. What is the tens digit of r?
6
Suppose -t + 2 = -3. Suppose 0*q = -t*q + 15. Suppose 2*l - q*a - 51 = 0, -4*l + 3*a = -0*l - 93. What is the tens digit of l?
2
Let x = 6 + -10. Suppose 5*z - 10*z - 80 = 0. What is the units digit of 86/x*(z + 14)?
3
Suppose -8*s + 9*s - 54 = 0. Let g = s - -8. What is the tens digit of g?
6
Suppose -5*g + 2406 = g. What is the units digit of g?
1
Suppose -4*a - 2120 = n - 5*n, 3*n = -2*a + 1605. What is the units digit of n?
3
Let k be 10/(1 + 1) + (-25 - -28). Let m = k + 69. What is the tens digit of m?
7
Suppose 3694 = 4*u - d, 726 = -5*u - d + 5348. What is the units digit of u?
4
What is the hundreds digit of 147/7*(-138)/(-18)?
1
Let k = 3 - 30. Let w be 2/3 - 10620/k. What is the units digit of (-22)/55 + w/10?
9
Let m(s) = -3*s - 37. Let i be m(-16). Suppose i*c - 12*c = -8. What